{"id":689,"date":"2020-06-18T01:22:34","date_gmt":"2020-06-18T01:22:34","guid":{"rendered":"https:\/\/clubedocafe.net\/comprecoletivo\/?post_type=product&#038;p=689"},"modified":"2020-07-09T22:33:12","modified_gmt":"2020-07-09T22:33:12","slug":"cafe-verde-do-elieser","status":"publish","type":"product","link":"https:\/\/clubedocafe.net\/comprecoletivo\/produto\/cafe-verde-do-elieser\/","title":{"rendered":"Caf\u00e9 Verde do Eli\u00e9ser"},"content":{"rendered":"<p>Localizada no munic\u00edpio de Santa Margarida, a Fazenda Carmelito \u00e9 propriedade de Eli\u00e9ser Carmelito e Ros\u00e2ngela Alves. A fazenda destaca-se na coleta de dados clim\u00e1ticos como monitoramento da temperatura, precipita\u00e7\u00e3o e outras vari\u00e1veis importantes para a qualidade do caf\u00e9. Eles est\u00e3o se capacitando constantemente para poderem agregar maior valor no produto e se tornaram refer\u00eancia para os produtores da regi\u00e3o. J\u00e1 foram vencedores de diversos concursos locais.<\/p>\n<p>Este \u00e9 um nano lote que conseguimos. Foi produzido somente duas sacas deste caf\u00e9 e arrematamos o lote completo. A nossa parceria com o casal \u00e9 antiga, j\u00e1 participaram de outras compras coletivas. Agora em 2020 repetimos a dose, trazendo mais uma vez um caf\u00e9 \u00fanico!<\/p>\n","protected":false},"excerpt":{"rendered":"<p style=\"text-align: center;\">Santa Margarida\/MG &#8211; Matas de Minas<br \/>\nFazenda Carmelito<br \/>\nVariedade: Catua\u00ed Vermelho<br \/>\nProcesso: Cereja Descascado<br \/>\nAltitude: 1320m<br \/>\nSafra: Agosto\/2019<\/p>\n<p style=\"text-align: center;\">Produtor: Eli\u00e9ser Carmelito da Silva<\/p>\n<p><strong>SUGEST\u00d5ES DE TORRA\u00a0<\/strong>Filtrado e Espresso<\/p>\n<p><strong>DIFICULDADE PARA TORRAR\u00a0<\/strong>F\u00e1cil<\/p>\n<p><b>POTENCIAL DA MAT\u00c9RIA PRIMA<\/b> Frutas vermelhas (achamos melancia), rapadura e um herbal agrad\u00e1vel. Na x\u00edcara tem potencial para uma bebida doce, com notas melancia, rom\u00e3 e um suave melado de cana. Sua acidez \u00e9 c\u00edtrica e possui uma finaliza\u00e7\u00e3o persistente.<\/p>\n<p><strong>POTENCIAL DE ARMAZENAMENTO <\/strong>por volta de 6 meses<\/p>\n","protected":false},"featured_media":695,"template":"","meta":[],"product_brand":[],"product_cat":[66],"product_tag":[],"class_list":{"0":"post-689","1":"product","2":"type-product","3":"status-publish","4":"has-post-thumbnail","6":"product_cat-cafeverde","8":"first","9":"outofstock","10":"shipping-taxable","11":"purchasable","12":"product-type-variable"},"_links":{"self":[{"href":"https:\/\/clubedocafe.net\/comprecoletivo\/wp-json\/wp\/v2\/product\/689","targetHints":{"allow":["GET"]}}],"collection":[{"href":"https:\/\/clubedocafe.net\/comprecoletivo\/wp-json\/wp\/v2\/product"}],"about":[{"href":"https:\/\/clubedocafe.net\/comprecoletivo\/wp-json\/wp\/v2\/types\/product"}],"wp:featuredmedia":[{"embeddable":true,"href":"https:\/\/clubedocafe.net\/comprecoletivo\/wp-json\/wp\/v2\/media\/695"}],"wp:attachment":[{"href":"https:\/\/clubedocafe.net\/comprecoletivo\/wp-json\/wp\/v2\/media?parent=689"}],"wp:term":[{"taxonomy":"product_brand","embeddable":true,"href":"https:\/\/clubedocafe.net\/comprecoletivo\/wp-json\/wp\/v2\/product_brand?post=689"},{"taxonomy":"product_cat","embeddable":true,"href":"https:\/\/clubedocafe.net\/comprecoletivo\/wp-json\/wp\/v2\/product_cat?post=689"},{"taxonomy":"product_tag","embeddable":true,"href":"https:\/\/clubedocafe.net\/comprecoletivo\/wp-json\/wp\/v2\/product_tag?post=689"}],"curies":[{"name":"wp","href":"https:\/\/api.w.org\/{rel}","templated":true}]}}