{"id":415,"date":"2019-11-04T22:23:02","date_gmt":"2019-11-04T22:23:02","guid":{"rendered":"http:\/\/clubedocafe.net\/comprecoletivo\/?post_type=product&#038;p=415"},"modified":"2020-07-09T22:18:24","modified_gmt":"2020-07-09T22:18:24","slug":"lucia","status":"publish","type":"product","link":"https:\/\/clubedocafe.net\/comprecoletivo\/produto\/lucia\/","title":{"rendered":"Mokinha Verde da Lucia &#8211; 1kg"},"content":{"rendered":"<p>Pela primeira vez temos um caf\u00e9 do Paran\u00e1 em um Compra Coletiva. Sempre foi um sonho nosso ter caf\u00e9 desta regi\u00e3o. Para tanto buscamos o grupo de Mulheres do Caf\u00e9 Mat\u00e3o\/PR. Recebemos algumas amostras e o caf\u00e9 da L\u00facia foi o que mais nos chamou aten\u00e7\u00e3o por apresentar um frutado muito gostoso com notas de iogurte de morango e uma finaliza\u00e7\u00e3o marcante.<\/p>\n<p>O trabalho das mulheres produtoras do Norte Pioneiro do Paran\u00e1 certamente merece destaque. O projeto \u201cMulheres do Caf\u00e9\u201d de Tomazina foi criado em 2013 para incentivar o cultivo do caf\u00e9 por mulheres.\u00a0 Seu principal objetivo \u00e9 destacar e fortalecer a participa\u00e7\u00e3o das mulheres na cadeia de produ\u00e7\u00e3o do caf\u00e9.<\/p>\n<p>A Lucia j\u00e1 ganhou nesta safra o 7\u00ba Concurso de Qualidade &#8211; Sabores do Norte Pioneiro na categoria Natural.<\/p>\n<p>Para saber mais e acompanhar o trabalho da L\u00facia:<\/p>\n<p><a href=\"https:\/\/www.instagram.com\/mulheresdocafenppr\/\">https:\/\/www.instagram.com\/mulheresdocafenppr\/<\/a><\/p>\n","protected":false},"excerpt":{"rendered":"<p style=\"text-align: center;\">S\u00edtio S\u00e3o Joaquim<br \/>\nTomazina &#8211; Norte Pioneiro do Paran\u00e1\/PR<br \/>\nAltitude: 900m<br \/>\nVariedade: Catua\u00ed Vermelho<br \/>\nProcesso: Natural + CD<br \/>\nProdutora: L\u00facia Aparecida Diniz<\/p>\n<p style=\"text-align: center;\">Valor Pago a Produtora: R$ 1.350,00 a saca<\/p>\n<p>Este \u00e9 um caf\u00e9 de gr\u00e3o tamanho moka e com potencial para bebidas frutadas. No sensorial encontramos morango (que pode ir desde de bala de morango a iogurte de morango dependendo da torra) com uma gostosa acidez c\u00edtrica. Apesar de n\u00e3o ser um natural puro, apresenta tra\u00e7os sensoriais fortes do processo.<\/p>\n","protected":false},"featured_media":624,"template":"","meta":[],"product_brand":[],"product_cat":[66],"product_tag":[],"class_list":{"0":"post-415","1":"product","2":"type-product","3":"status-publish","4":"has-post-thumbnail","6":"product_cat-cafeverde","8":"first","9":"outofstock","10":"shipping-taxable","11":"purchasable","12":"product-type-simple"},"_links":{"self":[{"href":"https:\/\/clubedocafe.net\/comprecoletivo\/wp-json\/wp\/v2\/product\/415","targetHints":{"allow":["GET"]}}],"collection":[{"href":"https:\/\/clubedocafe.net\/comprecoletivo\/wp-json\/wp\/v2\/product"}],"about":[{"href":"https:\/\/clubedocafe.net\/comprecoletivo\/wp-json\/wp\/v2\/types\/product"}],"wp:featuredmedia":[{"embeddable":true,"href":"https:\/\/clubedocafe.net\/comprecoletivo\/wp-json\/wp\/v2\/media\/624"}],"wp:attachment":[{"href":"https:\/\/clubedocafe.net\/comprecoletivo\/wp-json\/wp\/v2\/media?parent=415"}],"wp:term":[{"taxonomy":"product_brand","embeddable":true,"href":"https:\/\/clubedocafe.net\/comprecoletivo\/wp-json\/wp\/v2\/product_brand?post=415"},{"taxonomy":"product_cat","embeddable":true,"href":"https:\/\/clubedocafe.net\/comprecoletivo\/wp-json\/wp\/v2\/product_cat?post=415"},{"taxonomy":"product_tag","embeddable":true,"href":"https:\/\/clubedocafe.net\/comprecoletivo\/wp-json\/wp\/v2\/product_tag?post=415"}],"curies":[{"name":"wp","href":"https:\/\/api.w.org\/{rel}","templated":true}]}}